{"id":637,"date":"2017-06-21T16:32:56","date_gmt":"2017-06-21T16:32:56","guid":{"rendered":"https:\/\/minegocio-web.com\/?page_id=637"},"modified":"2024-07-22T01:07:26","modified_gmt":"2024-07-22T01:07:26","slug":"marketing-digital","status":"publish","type":"page","link":"https:\/\/minegocio-web.com\/?page_id=637","title":{"rendered":"Marketing Digital"},"content":{"rendered":"<p>[vc_row][vc_column][vc_column_text]La atracci\u00f3n de los clientes es fundamental para lograr los objetivos empresariales. Bienvenidos[\/vc_column_text][vc_single_image image=\u00bb1048&#8243; img_size=\u00bblarge\u00bb alignment=\u00bbcenter\u00bb style=\u00bbvc_box_rounded\u00bb css_animation=\u00bbappear\u00bb][vc_column_text]<\/p>\n<h2>Estrategias de Mercadeo Digital<\/h2>\n<p>1. Estrategia SEO<\/p>\n<p>Esta basada en la optimizaci\u00f3n de motores de b\u00fasqueda y el neuro-marketing con IA (Inteligencia Artificial).<\/p>\n<p>2. Estrategia SMO<br \/>\nOptimizaci\u00f3n de paginas WEB, redes sociales con interacci\u00f3n IA, publicaciones de contenidos e interacci\u00f3n con su nicho de mercado.<\/p>\n<p>3. Estrategia SEM<br \/>\nEst\u00e1 basada en el pago de palabras clave de b\u00fasqueda con un nicho o mercado objetivo en los motores de b\u00fasqueda con IA.<\/p>\n<p>4. Estrategia SMM<br \/>\nEst\u00e1 basada en el pago de palabras clave de b\u00fasqueda para un nicho o mercado objetivo en las bases de datos de las redes sociales con IA.<\/p>\n<p>5. Tradicionales<\/p>\n<p>Utilizamos plataformas de mail marketing, llamadas, eventos y CRM para atraer, prospectar, vender y retener a sus clientes.<\/p>\n<p>&nbsp;<\/p>\n<p>&nbsp;<\/p>\n<p>[\/vc_column_text][vc_column_text]<\/p>\n<p>Lea nuestro <strong><a href=\"https:\/\/minegocio-web.com\/Boletines\/PortafolioIBIO-EstrategiaComunicacionDigital.pdf\">Portafolio de Estrategia Comunicaci\u00f3n Digital TIC Clic Aqu\u00ed<\/a><\/strong><\/p>\n<p>[\/vc_column_text][vc_btn title=\u00bbMira Nuestros Planes\u00bb color=\u00bbinfo\u00bb link=\u00bburl:https%3A%2F%2Fminegocio-web.com%2Ftienda%2F|||\u00bb][\/vc_column][\/vc_row][vc_row][vc_column][vc_cta h2=\u00bbQuieres Mantenerte Informado(a)?\u00bb]Por favor diligenciar sus datos para contactarle y poder entender sus necesidades y le estaremos contactando lo m\u00e1s pronto posible.<\/p>\n<p>[everest_form id=\u00bb891&#8243;]<\/p>\n<p><a href=\"https:\/\/minegocio-web.com\/politica-de-privacidad\/\">Ver pol\u00edtica de privacidad<\/a>[\/vc_cta][\/vc_column][\/vc_row][vc_row][vc_column][vc_column_text][\/vc_column_text][\/vc_column][\/vc_row]<\/p>\n","protected":false},"excerpt":{"rendered":"<p>[vc_row][vc_column][vc_column_text]La atracci\u00f3n de los clientes es fundamental para lograr los objetivos empresariales. Bienvenidos[\/vc_column_text][vc_single_image image=\u00bb1048&#8243; img_size=\u00bblarge\u00bb alignment=\u00bbcenter\u00bb style=\u00bbvc_box_rounded\u00bb css_animation=\u00bbappear\u00bb][vc_column_text] Estrategias de [&hellip;]<\/p>\n","protected":false},"author":1,"featured_media":0,"parent":0,"menu_order":0,"comment_status":"closed","ping_status":"closed","template":"","meta":{"footnotes":""},"class_list":["post-637","page","type-page","status-publish","hentry"],"yoast_head":"<!-- This site is optimized with the Yoast SEO plugin v26.2 - https:\/\/yoast.com\/wordpress\/plugins\/seo\/ -->\n<title>Marketing Digital &#8211; Integrales IBIO<\/title>\n<meta name=\"description\" content=\"Marketing Digital, la mejor manera de llegar a tu nicho o mercado objetivo con herramientas digitales automatizadas\" \/>\n<meta name=\"robots\" content=\"index, follow, max-snippet:-1, max-image-preview:large, max-video-preview:-1\" \/>\n<link rel=\"canonical\" href=\"https:\/\/minegocio-web.com\/?page_id=637\" \/>\n<meta property=\"og:locale\" content=\"es_ES\" \/>\n<meta property=\"og:type\" content=\"article\" \/>\n<meta property=\"og:title\" content=\"Marketing Digital &#8211; Integrales IBIO\" \/>\n<meta property=\"og:description\" content=\"Marketing Digital, la mejor manera de llegar a tu nicho o mercado objetivo con herramientas digitales automatizadas\" \/>\n<meta property=\"og:url\" content=\"https:\/\/minegocio-web.com\/?page_id=637\" \/>\n<meta property=\"og:site_name\" content=\"Integrales IBIO\" \/>\n<meta property=\"article:publisher\" content=\"https:\/\/www.facebook.com\/ivan.beltran.984\" \/>\n<meta property=\"article:modified_time\" content=\"2024-07-22T01:07:26+00:00\" \/>\n<meta name=\"twitter:card\" content=\"summary_large_image\" \/>\n<meta name=\"twitter:label1\" content=\"Tiempo de lectura\" \/>\n\t<meta name=\"twitter:data1\" content=\"1 minuto\" \/>\n<script type=\"application\/ld+json\" class=\"yoast-schema-graph\">{\"@context\":\"https:\/\/schema.org\",\"@graph\":[{\"@type\":\"WebPage\",\"@id\":\"https:\/\/minegocio-web.com\/?page_id=637\",\"url\":\"https:\/\/minegocio-web.com\/?page_id=637\",\"name\":\"Marketing Digital &#8211; Integrales IBIO\",\"isPartOf\":{\"@id\":\"https:\/\/minegocio-web.com\/#website\"},\"datePublished\":\"2017-06-21T16:32:56+00:00\",\"dateModified\":\"2024-07-22T01:07:26+00:00\",\"description\":\"Marketing Digital, la mejor manera de llegar a tu nicho o mercado objetivo con herramientas digitales automatizadas\",\"breadcrumb\":{\"@id\":\"https:\/\/minegocio-web.com\/?page_id=637#breadcrumb\"},\"inLanguage\":\"es\",\"potentialAction\":[{\"@type\":\"ReadAction\",\"target\":[\"https:\/\/minegocio-web.com\/?page_id=637\"]}]},{\"@type\":\"BreadcrumbList\",\"@id\":\"https:\/\/minegocio-web.com\/?page_id=637#breadcrumb\",\"itemListElement\":[{\"@type\":\"ListItem\",\"position\":1,\"name\":\"Portada\",\"item\":\"https:\/\/minegocio-web.com\/\"},{\"@type\":\"ListItem\",\"position\":2,\"name\":\"Marketing Digital\"}]},{\"@type\":\"WebSite\",\"@id\":\"https:\/\/minegocio-web.com\/#website\",\"url\":\"https:\/\/minegocio-web.com\/\",\"name\":\"Integrales IBIO\",\"description\":\"Construcci\u00f3n WEB y Transformaci\u00f3n Digital.\",\"potentialAction\":[{\"@type\":\"SearchAction\",\"target\":{\"@type\":\"EntryPoint\",\"urlTemplate\":\"https:\/\/minegocio-web.com\/?s={search_term_string}\"},\"query-input\":{\"@type\":\"PropertyValueSpecification\",\"valueRequired\":true,\"valueName\":\"search_term_string\"}}],\"inLanguage\":\"es\"}]}<\/script>\n<!-- \/ Yoast SEO plugin. -->","yoast_head_json":{"title":"Marketing Digital &#8211; Integrales IBIO","description":"Marketing Digital, la mejor manera de llegar a tu nicho o mercado objetivo con herramientas digitales automatizadas","robots":{"index":"index","follow":"follow","max-snippet":"max-snippet:-1","max-image-preview":"max-image-preview:large","max-video-preview":"max-video-preview:-1"},"canonical":"https:\/\/minegocio-web.com\/?page_id=637","og_locale":"es_ES","og_type":"article","og_title":"Marketing Digital &#8211; Integrales IBIO","og_description":"Marketing Digital, la mejor manera de llegar a tu nicho o mercado objetivo con herramientas digitales automatizadas","og_url":"https:\/\/minegocio-web.com\/?page_id=637","og_site_name":"Integrales IBIO","article_publisher":"https:\/\/www.facebook.com\/ivan.beltran.984","article_modified_time":"2024-07-22T01:07:26+00:00","twitter_card":"summary_large_image","twitter_misc":{"Tiempo de lectura":"1 minuto"},"schema":{"@context":"https:\/\/schema.org","@graph":[{"@type":"WebPage","@id":"https:\/\/minegocio-web.com\/?page_id=637","url":"https:\/\/minegocio-web.com\/?page_id=637","name":"Marketing Digital &#8211; Integrales IBIO","isPartOf":{"@id":"https:\/\/minegocio-web.com\/#website"},"datePublished":"2017-06-21T16:32:56+00:00","dateModified":"2024-07-22T01:07:26+00:00","description":"Marketing Digital, la mejor manera de llegar a tu nicho o mercado objetivo con herramientas digitales automatizadas","breadcrumb":{"@id":"https:\/\/minegocio-web.com\/?page_id=637#breadcrumb"},"inLanguage":"es","potentialAction":[{"@type":"ReadAction","target":["https:\/\/minegocio-web.com\/?page_id=637"]}]},{"@type":"BreadcrumbList","@id":"https:\/\/minegocio-web.com\/?page_id=637#breadcrumb","itemListElement":[{"@type":"ListItem","position":1,"name":"Portada","item":"https:\/\/minegocio-web.com\/"},{"@type":"ListItem","position":2,"name":"Marketing Digital"}]},{"@type":"WebSite","@id":"https:\/\/minegocio-web.com\/#website","url":"https:\/\/minegocio-web.com\/","name":"Integrales IBIO","description":"Construcci\u00f3n WEB y Transformaci\u00f3n Digital.","potentialAction":[{"@type":"SearchAction","target":{"@type":"EntryPoint","urlTemplate":"https:\/\/minegocio-web.com\/?s={search_term_string}"},"query-input":{"@type":"PropertyValueSpecification","valueRequired":true,"valueName":"search_term_string"}}],"inLanguage":"es"}]}},"_links":{"self":[{"href":"https:\/\/minegocio-web.com\/index.php?rest_route=\/wp\/v2\/pages\/637","targetHints":{"allow":["GET"]}}],"collection":[{"href":"https:\/\/minegocio-web.com\/index.php?rest_route=\/wp\/v2\/pages"}],"about":[{"href":"https:\/\/minegocio-web.com\/index.php?rest_route=\/wp\/v2\/types\/page"}],"author":[{"embeddable":true,"href":"https:\/\/minegocio-web.com\/index.php?rest_route=\/wp\/v2\/users\/1"}],"replies":[{"embeddable":true,"href":"https:\/\/minegocio-web.com\/index.php?rest_route=%2Fwp%2Fv2%2Fcomments&post=637"}],"version-history":[{"count":25,"href":"https:\/\/minegocio-web.com\/index.php?rest_route=\/wp\/v2\/pages\/637\/revisions"}],"predecessor-version":[{"id":1770,"href":"https:\/\/minegocio-web.com\/index.php?rest_route=\/wp\/v2\/pages\/637\/revisions\/1770"}],"wp:attachment":[{"href":"https:\/\/minegocio-web.com\/index.php?rest_route=%2Fwp%2Fv2%2Fmedia&parent=637"}],"curies":[{"name":"wp","href":"https:\/\/api.w.org\/{rel}","templated":true}]}}